= 1084, -4*w + 3*v - v = -854. Is w composite?
True
Suppose 31*p + 1304886 = 133*p. Is p prime?
False
Let r(u) be the first derivative of -473*u**2 - 173*u - 248. Is r(-7) a composite number?
False
Let a be ((-1)/4)/(2/(-16)). Suppose 4*h = a*q + 3494 - 360, 2*h + 5*q = 1585. Let f = h + -478. Is f composite?
False
Is ((-1763)/123 - -14) + (-600908)/(-6) a composite number?
False
Suppose 2*g + 262 = 5*t - 3*t, -2*t - 4*g + 232 = 0. Suppose -4*n + 686 = -t. Is n a composite number?
True
Suppose n - 9*v = -4*v + 11052, 22098 = 2*n - 4*v. Is n composite?
False
Suppose 3*s - 3*c = 217812, -5*s + 5*c = -8*s + 217836. Is s a composite number?
True
Suppose -101*g + 2141629 = -1159580 + 120012. Is g a composite number?
True
Let g be 1*0/4*(1 + 0). Let q = g - 6. Is q/33 - -2367*3/33 prime?
False
Let z = -13 - -28. Suppose 79*s = 74*s + z. Is ((-622)/s)/(11/((-660)/8)) a prime number?
False
Suppose 5*m - 23 = -2*a, -a = -m + 3 - 4. Let g be (-1)/a + (-27685)/28. Let j = -447 - g. Is j a prime number?
False
Suppose 3*o = -4*s + 645023, 4*s = -36*o + 37*o + 645019. Is s a composite number?
True
Let v = 4 + 5. Let u(o) = 2*o - 14. Let d be u(v). Suppose -d*k - 633 = -7*k. Is k a prime number?
True
Let h(x) = 435*x**2 - 24*x - 9. Let s be h(-6). Let m be 2 + -1 + 2 + s. Suppose 44*r - 50*r = -m. Is r a composite number?
False
Let a = 209958 + -138421. Is a composite?
False
Let t(o) be the first derivative of o**6/90 - 7*o**5/40 + 11*o**4/24 + 13*o**3/3 + 27. Let k(g) be the third derivative of t(g). Is k(12) prime?
False
Suppose 36 = -4*u + 168. Suppose 39*v - u*v = 93918. Is v prime?
False
Let w = 31 + -29. Suppose 4*m = 10 - w. Suppose 0*a = 4*a + 3*u - 2011, m*u = 5*a - 2485. Is a composite?
False
Let w = 287 - 245. Let b = 25 + w. Is b prime?
True
Suppose 0 = 2*k - 61 - 5. Suppose k*j - 8533 = 26*j. Is j composite?
True
Let g(p) = -p**3 - 39*p**2 - 51*p - 62. Let h be g(-37). Let q = -284 - h. Is q composite?
True
Let h be (-2 + (-5)/(-3))/((-13)/(-273)). Is -3*(-2658 + (h - -2)) prime?
False
Let k = -2855 - -29494. Is k composite?
True
Suppose 5*y - 485570 = -3*d, 18*d - 13*d - 25 = 0. Is y prime?
False
Let i = -3350 - -9519. Is i composite?
True
Is (-14874090)/(-1175) - (-1)/5 a prime number?
True
Let t = -104 - -114. Suppose t*n - 334 = 2206. Is n a composite number?
True
Let j = -4261 - -6460. Is j a composite number?
True
Is (0 + -1)*(-1834379 + -972) a composite number?
True
Let r(g) = -1744*g - 9. Is r(-1) prime?
False
Let m = 5917 + 16920. Is m prime?
False
Let q(j) = 741*j + 3362. Is q(20) a prime number?
False
Let b be 4 + 2/6 + (-1)/3. Let i be -1 + (b - 0) - (17 - 19). Suppose -i*u + 1338 = 3*x, -3*x + 694 = -5*u - 674. Is x a composite number?
True
Let k be (7 - 5)*255/(-6). Let s = k - -23. Let w = 129 + s. Is w prime?
True
Let m(g) be the second derivative of g**5/20 + 11*g**4/6 - 8*g**3/3 + 21*g**2 - 10*g + 4. Is m(-17) composite?
False
Suppose 5*p + 2*z = 28, -3*z + 28 = -3*p + 7*p. Is ((3 - p)*1)/(-1)*5731 composite?
True
Let q = 10417 + -3176. Suppose x - o - 1808 = -0*o, -4*x + o = -q. Is x a composite number?
False
Suppose 2*d - 6*d - 5*i = -193179, 0 = -5*d - 4*i + 241485. Is d composite?
True
Let a = 8199 + -3910. Suppose -5*c + a = -19886. Is c a composite number?
True
Let v(d) = d + 1883. Let l(h) = h + 21. Let y be l(0). Suppose 29*k - y*k = 0. Is v(k) a prime number?
False
Suppose -5*m + 1025 = -7*w + 2*w, 3*m = w + 609. Let c = m + 37. Is c a composite number?
False
Suppose -u - 284 - 969 = 0. Let x be u/(-4) + 18/24. Let m = -103 + x. Is m prime?
True
Let y(r) = -197*r + 251. Let i be y(-33). Let h = 9597 - i. Is h a prime number?
False
Let k be (450/(-4))/(21/(-462)). Suppose m + k = c, 0 = 2*c + 3*m - 2*m - 4947. Is c a prime number?
False
Is 20*((-487)/14)/((-8)/28) prime?
False
Let f = 510761 - 317688. Is f prime?
True
Suppose 2*a + 3*d = 6*a - 737465, -4*a + 4*d + 737464 = 0. Is a a prime number?
False
Suppose -5*n + z + 173 = 0, -5*n + 2*z + 17 = -159. Suppose -40*m + 9222 = -n*m. Is m a composite number?
True
Is (-2)/3 + 20/39 + (-1044980658)/(-1482) prime?
False
Let g(x) be the third derivative of 3251*x**4/8 - 4*x**3/3 + 237*x**2. Is g(1) composite?
True
Let i = 396 - 394. Suppose 4*v + i*j = 5*v - 12945, 3*v + j - 38821 = 0. Is v composite?
False
Let k(o) = -o**3 - 23*o**2 + 25*o + 12. Let g be k(-24). Let x(u) = -52*u + 179. Is x(g) a composite number?
True
Let g = 9 + -3. Suppose -g*o - 8 = -20. Suppose -4*q + o*r + 28 = 0, 4*r = -4*q + 2*r + 28. Is q a composite number?
False
Suppose 9*z + 165359 = 26*z. Suppose 5*v - 9728 = -6*u + 3*u, 5*v + 2*u = z. Is v composite?
True
Is (-3 - (-12 + 1)) + 98945/7 prime?
True
Let y = 240 - 238. Suppose -y*a + 898 = 5*c, -4*c + 9*c = 0. Is a composite?
False
Let l = 127 + -129. Is (3350/75)/(l/(-57)) a composite number?
True
Suppose -22 = -8*t + 18. Suppose -9 = 4*i - 5, -t*i = -3*f + 28121. Suppose -f = -11*p + 17897. Is p a composite number?
True
Suppose 5*y + 2*w = 1180, -3*w = w. Suppose -7 = h + y. Let g = -110 - h. Is g a prime number?
False
Let z(q) = 107*q**3 + 4*q**2 + 7*q + 8. Let j be z(5). Suppose 3*b = -6*b + j. Suppose -u + 41 = -b. Is u composite?
False
Let o(m) = -m**3 + 8. Let a be o(0). Suppose -a*x + 7*x + 3457 = 0. Is x prime?
True
Suppose 64871251 = 34*d + 5244533. Is d prime?
False
Suppose -69436 - 120140 = -72*z. Is z prime?
True
Let y(j) = 479*j - 34. Let v(q) = q**3 + 9*q**2 - 26*q - 29. Let t be v(-11). Is y(t) composite?
False
Suppose 5*f + 13129 = -4*x + 104678, 4*x - 5*f = 91499. Suppose 10*a - 112231 = -x. Is a composite?
True
Let l be 8 + (-127 - 9) + 5. Let t = l - -278. Is t prime?
False
Let f(m) = 24*m**2 + 3*m - 2. Let j(z) = z**3 - 4*z**2 + z + 2. Let r be j(3). Let s be f(r). Suppose 0 = 3*v - 4*c - 399, -s - 29 = -3*v + 5*c. Is v composite?
True
Suppose 2*b + 65 = -3*w, -6*b + 2*b - 122 = -2*w. Let y = 3 - b. Suppose n - y = 3. Is n a composite number?
False
Let x be (-2)/(84/(-18)) + (-999)/(-21). Is (178012/24)/(8/x) a composite number?
True
Let z be -6 + 20/15*9. Suppose -7239 = -3*u - o, -z*u + 2*o + 9652 = -2*u. Is u composite?
True
Let x(q) = 2*q**2 - 21*q + 31. Let m = -201 + 159. Is x(m) prime?
True
Let m = -65989 + 40284. Is (-2)/(-4)*(1 + m/(-1)) composite?
False
Suppose -t = m - 20, -2*t + 2*m = 2*t - 56. Suppose t*c - 44 = 5*c. Suppose -c*u = u - 3505. Is u a composite number?
False
Let r(d) = -2*d**2 + 18*d - 3. Let v be r(7). Suppose -3*b = v*o - 24*o - 6392, -10625 = -5*b + 4*o. Is b a composite number?
False
Let b = 18479 - 12526. Is b a composite number?
False
Let s be 7/(-336)*-6 + (-3)/24. Suppose s = -22*m + 20*m + 118. Is m composite?
False
Let w(l) = l**2 + 11*l + 22. Let z = -77 + 69. Let h be w(z). Let x(f) = -116*f + 21. Is x(h) prime?
False
Let s(o) = -o**2 + 14*o - 11. Let t be s(10). Suppose t*j - 71976 = 21*j. Is j prime?
False
Let a be 2/((-19)/40 - (-33)/55). Let k be 1/(-4) - (12/a)/(-3). Is k - (7 + 715)*(-2)/4 a prime number?
False
Suppose 60 = 65*c - 60*c. Suppose 27726 = c*d - 6*d. Is d composite?
False
Suppose 10*g - 14*g = 33920. Let x = g - -17479. Is x prime?
True
Suppose -23*x + 186804 = -25*x + 1308014. Is x a composite number?
True
Suppose -5*n - 2*t - 1310 = 0, t + 0*t = -4*n - 1051. Let z = -47 + 646. Let x = z - n. Is x composite?
False
Let n = 62 - 65. Let a be (n + 1)*(7 - 9). Suppose 0*u = -a*u + 5036. Is u prime?
True
Let o(k) = 2*k**3 - 2*k**2 + 7*k - 5. Let v be 1 + -130 + (0 - -1). Let g = v - -134. Is o(g) a prime number?
True
Suppose -61*y + 64*y + 292997 = 2*t, -y + 585931 = 4*t. Is t a prime number?
False
Let v = 24081 - 15052. Is v composite?
False
Let c(p) = p**3 - 13*p**2 - 22*p - 31. Let g be c(-9). Let i = g + 22380. Is i a prime number?
False
Suppose 21315689 - 14917283 = 113*c - 20278973. Is c composite?
True
Let w(n) = n**3 - 6*n - 5. Let l be w(-1). Suppose -2*h + 6*h + r - 5040 = 0, 4*h - 5*r - 5016 = l. Is h composite?
False
Let t(h) = -72548*h - 3585. Is t(-12) a prime number?
False
Let n(r) = -27*r**2 + 4*r + 1. Let m(l) = -28*l**2 + 3*l + 2. Let b(h) = 4*m(h) - 5*n(h). Is b(-4) a composite number?
True
Suppose -68 = -a - 3*p, -2*a - 3*p = -98 - 47. Let m = a + -52. Let v = -14 + m. Is v a composite number?
False
Suppose -i + 20659 = -23092. Is i prime?
False
Supp